 = 3*s + 5*r - 44 - 25. Suppose t + s = -t. Let v = t - -57. Is v prime?
True
Suppose 2*o - 3796 = -4*f, -2*f + 769 = -4*o - 1149. Suppose 0 = -5*n + 574 + f. Is n a composite number?
True
Let c(n) = -n**3 - n**2 + n - 1. Let i(r) = -4*r**3 - 11*r**2 - 3*r - 10. Let f(w) = 5*c(w) - i(w). Is f(6) a composite number?
False
Is (-298)/(-8) - 3/12 prime?
True
Let y be 68/(-5)*(7 + -2). Let a be y/8 + 2/4. Let k = 17 + a. Is k prime?
False
Let o(i) = -4*i**3 - 2*i**2 - 3*i - 4. Let j be o(-2). Suppose -24*s + j*s = 1174. Is s a composite number?
False
Suppose -3*c + 2*c = -3*n - 661, 1326 = 2*c - 5*n. Is c a composite number?
False
Suppose 0*b - 5*o - 85 = -b, 3*b - 213 = o. Let g be (-14)/(1/10*-2). Suppose 4*t = b + g. Is t composite?
True
Suppose 4*p - 3*p - 1272 = -2*t, -2*p = 2*t - 2554. Is p prime?
False
Suppose -5*h + 15 = -0. Suppose 4*o + y + 5 - 21 = 0, -3*o - 3*y = -h. Suppose j - 41 = 3*t, 3*j + o*t - t - 175 = 0. Is j a prime number?
True
Suppose -2*m = -6*r + r + 36, 4*m = 2*r - 24. Let z be (3/(-4))/(r/(-1104)). Let n = z + -79. Is n a composite number?
False
Let a be (-12)/(60/16 - 4). Let m be 0 + (-22)/(-4)*-2. Let p = a + m. Is p composite?
False
Let c be (2/6)/((-2)/6). Let d be (-21)/(-12) + c/(-4). Suppose 0*s - 70 = -2*s + 4*m, 3*m - 77 = -d*s. Is s composite?
False
Let o be (10/4)/(3/(-42)). Let c = o + 65. Suppose 0 = -2*x - 0*x + c. Is x a composite number?
True
Suppose -l + 78 = -2*l. Let a be (0 - l/(-8))*-4. Suppose -24 = -h - 2*u + a, u - 4 = 0. Is h prime?
False
Let f be -1 + 3 - 0/1. Suppose -f*p + 7 = -3*p + u, 4*u + 53 = -5*p. Let w = -2 - p. Is w prime?
True
Let u(m) = -m**3 + 5*m**2 - 3*m - 4. Let o be (6/(-8))/(1/(-4)). Let i be u(o). Suppose 3*d - 454 = -2*f, -i*d = -3*f + 17 + 626. Is f composite?
True
Suppose 531 = 4*t - t. Suppose 4*b - 1147 = t. Is b prime?
True
Let m = -39 - -55. Is (12/m)/((-2)/(-8)) composite?
False
Is 2/(-7) - 8630/(-70) prime?
False
Suppose 30 + 34 = 3*p - z, -5 = -z. Is p a prime number?
True
Let j(x) = x**3 + 2*x**2 - 2*x + 1. Let m be j(1). Let t = 2 - m. Suppose -23 = -l - t*l. Is l a prime number?
True
Let a = -725 - -1594. Is a prime?
False
Suppose 3*r = -r - 4*u - 4, 2*u + 14 = 4*r. Let b(x) = 6*x - 2. Let c be b(r). Let p(l) = l**3 - 11*l**2 + 14*l - 5. Is p(c) prime?
False
Suppose 5*q - 30 = -5*t, -4*q = -t - 7*q + 16. Is 87 - t - (1 + 2) a prime number?
True
Let b = -186 + 437. Is b composite?
False
Let a be -13 + (-1)/(1/2). Let f = -12 - 8. Is (24/f)/(2/a) a prime number?
False
Let j = 269 - -88. Suppose b = 4*b - j. Is b a composite number?
True
Let a = -4 + 29. Is a prime?
False
Suppose 0 = -2*m - 7 + 1. Is 49 + 1/(m/9) a prime number?
False
Let s(v) = -27*v - 3 + 5 + 1. Let d(j) = 54*j - 7. Let i(u) = 2*d(u) + 5*s(u). Is i(-2) a prime number?
False
Let o(n) = -n + 158. Let s be o(0). Suppose -s + 14 = -3*w. Let f = 85 - w. Is f a composite number?
False
Let k(z) = 9*z + 5. Is k(8) a composite number?
True
Let h(x) = x**3 + 9*x**2 + 9*x + 10. Let g be h(-8). Suppose 3*w - 425 = -4*p + 1647, g*p - 5*w = 1010. Is p composite?
True
Suppose 59 - 19 = -5*m. Suppose -5*b = -b + 56. Let x = m - b. Is x prime?
False
Let w(n) = 10*n - 6. Let t(p) = p + 1. Let g(h) = -6*t(h) + w(h). Let z(k) = -k - 1. Let q(x) = g(x) - 3*z(x). Is q(8) composite?
False
Let d be -2 + (0 - -2) + 127. Suppose -22 = 5*n - d. Is n prime?
False
Let y(w) = -w**3 + 5*w**2 - w - 8. Is y(-7) a composite number?
False
Let b = 195 - -290. Is b composite?
True
Is (-2 + 9839 + 0)*18/54 a prime number?
False
Let p = 33 - 12. Let a be 5 + -3 + 1 + p. Is (33/(-12))/((-2)/a) a composite number?
True
Let f = 89 - -2. Is f a prime number?
False
Let s be (-504)/(-11) + 2/11. Let y = s + -25. Is y a prime number?
False
Let k = 1456 - 713. Is k a prime number?
True
Let z be 34 - 3/9*3. Suppose 0 = -5*t + 2*t + z. Is t a prime number?
True
Suppose -132 = 7*j - 11*j. Is 15389/j + (-4)/(-6) composite?
False
Let v = -504 - -715. Is v composite?
False
Suppose 3*k + 26 = 8. Let u(t) = t**3 + 6*t**2 - 2*t - 9. Let o be u(k). Is (38/(-3))/((-2)/o) prime?
True
Let j be 15/(-2)*(-12)/(-9). Let q be 266/j - (-4)/(-10). Let z = 8 - q. Is z a prime number?
False
Is 1/(6/62)*(1 - -2) a prime number?
True
Let k be 261/(-7) + 8/28. Let c = 48 - k. Is c a composite number?
True
Suppose -5*c = -4*g - 32, c + 4*g + 6 = -2. Suppose -c*r = 7 + 1. Is ((-194)/(-4))/((-1)/r) a prime number?
True
Let x(w) = -w + 17. Let t(k) = k**2 - 2*k - 5. Let y be t(4). Suppose -c = -y*o - o + 23, 0 = o + c - 12. Is x(o) composite?
True
Let x = 2015 + -1282. Is x composite?
False
Suppose h - 5 = 4*i, -i = 2*h - 0*h + 8. Is 623/28 + i/8 prime?
False
Let a = 12 - 7. Suppose 0*k = -a*k. Suppose 4*t - 4*h - 132 + 12 = k, -3*h = 5*t - 190. Is t composite?
True
Let u(j) = -229*j + 28. Is u(-25) prime?
False
Suppose 12 = -3*o - 0*o. Let j(t) = -65*t + 3. Is j(o) a prime number?
True
Suppose 3*f = q + 1259, -5*q = 5*f - f - 1666. Is f composite?
False
Let s(u) = u**3 + 13*u**2 - 4*u + 13. Is s(-11) composite?
True
Let z be -3*(-12)/(-3*1). Is (-13 + 1)*21/z a composite number?
True
Let h(i) = i**3 + 3*i**2 + 3*i. Let w be h(-3). Is (-4)/(-18) - 637/w prime?
True
Suppose -376 = l - 2*a + 124, 0 = -3*l + 4*a - 1500. Let o = l + 979. Is o a prime number?
True
Let k be -2*1*(-1)/(-2). Is (-150 - k)*(-2 - -1) a composite number?
False
Suppose p + 335 = a, -5*a + 1340 = -a + p. Is a prime?
False
Suppose c + 2*b + 2*b = 47, -c + 46 = 5*b. Is (0/(-1) + c)*1 a prime number?
False
Suppose 51498 = 11*n - 22521. Is n composite?
True
Let s(h) = 68*h + 9. Let a be s(4). Suppose -100 = -g + a. Is g prime?
False
Suppose -5*v + 25 = -2*w + w, -5*v = -3*w - 15. Suppose -740 = u - v*u. Suppose 0 = -5*j + u + 47. Is j a composite number?
True
Let u(a) = -a**2 + 149. Let s(x) = x**3 - 4*x**2 + 4*x - 8. Let f be s(6). Let l be 4/22 - 16/f. Is u(l) prime?
True
Let b = 656 + -445. Is b composite?
False
Suppose o = -2*i + 269, 1056 = 5*o - o + 4*i. Is o a prime number?
False
Let f = -407 + 1106. Is f a composite number?
True
Let w = 111 + -2. Is w a composite number?
False
Let t = -329 + 532. Suppose 0*w = -w + t. Is w a composite number?
True
Is 405186/66 + (-1 - (-9)/11) composite?
True
Suppose -3*d - 2*d + 679 = 3*j, 0 = -3*j - 2*d + 691. Is j composite?
False
Let y be ((-1)/(-2))/(2/944). Suppose n - 4*s - 175 = 0, -5*n = -s - y - 582. Is n a composite number?
False
Let g be (-28)/(8/(-2)) + -1. Is 249 + (-4 - (0 - g)) prime?
True
Let z = 65 - -146. Is z a composite number?
False
Let f(j) be the second derivative of 61*j**3/6 - 3*j**2/2 - 5*j. Is f(2) prime?
False
Suppose -12 = 5*y + c + 3*c, 0 = 2*y - 2*c - 6. Let h(w) = w + 43. Is h(y) a composite number?
False
Let a = 62 + -5. Suppose -5*p - 2*t + 725 = 0, 0 = p + t - 91 - a. Is p a composite number?
True
Let x(k) = -22*k + 1. Is x(-3) a composite number?
False
Let z be 2/(2/(-39)) - -1. Let y be 75 + (0/3 - 2). Let i = y + z. Is i composite?
True
Let l be (-1*5/1)/(-1). Suppose t - 305 = -2*u, 1037 = l*t + 5*u - 493. Is t prime?
True
Suppose -3*z + 17 = 2. Suppose 0 = -8*g + z*g + 753. Is g a composite number?
False
Let c(h) = h**2 + 2*h + 3. Let p be c(-2). Suppose -f - 11 = -m, p*m - 5*f + 18 = 53. Is m prime?
False
Let u = -275 - -414. Let x be (u/(-3))/((-10)/150). Suppose 3*p = 3*n - 557 - 154, 3*n + p - x = 0. Is n prime?
True
Suppose 2*y - 759 - 387 = 0. Is y prime?
False
Let m(r) = -r - 2. Let h be m(5). Let u(n) = -n - 3. Let d be u(h). Suppose 2*z + 1218 = 4*q, 1540 = q + d*q + z. Is q a prime number?
True
Suppose 3*b + 3 = 4*b. Suppose 93 = b*o - 354. Is o prime?
True
Suppose -y + 3 = -2. Suppose 0 = -0*w - 5*w + 10, -5*l + y*w = -30. Suppose -l + 29 = o. Is o prime?
False
Let a(v) = v**3 - 6*v**2 + 3*v - 6. Let t be a(6). Let y = t + -8. Suppose z - 192 = -z + h, -y*z + h + 382 = 0. Is z composite?
True
Let r = -119 - -34. Let x be (r/10)/(2/8). Let p = -11 - x. Is p composite?
False
Let r(q) = -5*q + 2. Let l be r(5). Let y = l - -8. Let i = 16 - y. Is i a composite number?
False
Let u = -294 + 433. Is u composite?
False
Suppose -2*f = 22 - 336. Is f a prime number?
True
Let m(w) = -2 + 2 - 35*w**3. Let y be 14/(-28) + 2/(-4). Is m(y) a prime number?
False
Suppose -3*m + 396 = -5*k, -3*m - k = -6*m + 384. Is m prime?